 by 121.
118
What is the remainder when 85617 is divided by 73?
61
What is the remainder when 155351 is divided by 29?
27
Calculate the remainder when 10533 is divided by 3106.
1215
What is the remainder when 2284 is divided by 927?
430
What is the remainder when 194765 is divided by 36?
5
Calculate the remainder when 440604 is divided by 1088.
1052
What is the remainder when 228416 is divided by 73?
72
Calculate the remainder when 31023 is divided by 8.
7
Calculate the remainder when 144611 is divided by 78.
77
Calculate the remainder when 16479 is divided by 80.
79
What is the remainder when 1569 is divided by 737?
95
What is the remainder when 7426 is divided by 3618?
190
What is the remainder when 174417 is divided by 6?
3
Calculate the remainder when 2797 is divided by 20.
17
Calculate the remainder when 305645 is divided by 52.
41
Calculate the remainder when 24553 is divided by 196.
53
What is the remainder when 633 is divided by 31?
13
Calculate the remainder when 1662 is divided by 64.
62
Calculate the remainder when 14427 is divided by 222.
219
What is the remainder when 409070 is divided by 617?
616
Calculate the remainder when 2101 is divided by 720.
661
Calculate the remainder when 42888 is divided by 911.
71
What is the remainder when 1944 is divided by 975?
969
Calculate the remainder when 4065 is divided by 8.
1
Calculate the remainder when 1653 is divided by 251.
147
Calculate the remainder when 3232 is divided by 537.
10
Calculate the remainder when 14168 is divided by 30.
8
Calculate the remainder when 16508 is divided by 131.
2
Calculate the remainder when 62553 is divided by 63.
57
Calculate the remainder when 84444 is divided by 46.
34
What is the remainder when 795 is divided by 272?
251
What is the remainder when 19260 is divided by 1733?
197
Calculate the remainder when 13311 is divided by 1818.
585
Calculate the remainder when 23929 is divided by 68.
61
Calculate the remainder when 409109 is divided by 347.
343
Calculate the remainder when 55876 is divided by 288.
4
What is the remainder when 3766 is divided by 84?
70
Calculate the remainder when 69258 is divided by 1358.
0
Calculate the remainder when 2105 is divided by 408.
65
Calculate the remainder when 17014 is divided by 681.
670
What is the remainder when 10439 is divided by 20?
19
Calculate the remainder when 1452405 is divided by 179.
178
What is the remainder when 112924 is divided by 34?
10
What is the remainder when 865 is divided by 287?
4
Calculate the remainder when 25046 is divided by 9.
8
What is the remainder when 560026 is divided by 5000?
26
What is the remainder when 171861 is divided by 341?
338
What is the remainder when 413430 is divided by 213?
210
Calculate the remainder when 152157 is divided by 6.
3
What is the remainder when 2534728 is divided by 55?
53
Calculate the remainder when 18089 is divided by 4492.
121
What is the remainder when 1181 is divided by 588?
5
Calculate the remainder when 109459 is divided by 231.
196
Calculate the remainder when 15573 is divided by 1766.
1445
Calculate the remainder when 443174 is divided by 176.
6
Calculate the remainder when 9497 is divided by 791.
5
What is the remainder when 162661 is divided by 162624?
37
Calculate the remainder when 32692 is divided by 38.
12
What is the remainder when 40638 is divided by 168?
150
Calculate the remainder when 661573 is divided by 60142.
11
Calculate the remainder when 22864 is divided by 5.
4
What is the remainder when 12568 is divided by 299?
10
What is the remainder when 183359 is divided by 18335?
9
Calculate the remainder when 1783 is divided by 386.
239
Calculate the remainder when 38865 is divided by 32.
17
Calculate the remainder when 72198 is divided by 40.
38
Calculate the remainder when 172388 is divided by 1002.
44
Calculate the remainder when 859193 is divided by 757.
755
Calculate the remainder when 1134753 is divided by 21.
18
Calculate the remainder when 38160 is divided by 316.
240
What is the remainder when 1691 is divided by 826?
39
What is the remainder when 6785 is divided by 3274?
237
Calculate the remainder when 4604 is divided by 144.
140
What is the remainder when 49520 is divided by 1152?
1136
Calculate the remainder when 2972 is divided by 1167.
638
Calculate the remainder when 21579 is divided by 5384.
43
What is the remainder when 41701 is divided by 1017?
4
Calculate the remainder when 12385 is divided by 12301.
84
What is the remainder when 9164 is divided by 451?
144
Calculate the remainder when 1041 is divided by 411.
219
What is the remainder when 3900 is divided by 1294?
18
What is the remainder when 34508 is divided by 290?
288
What is the remainder when 100991 is divided by 856?
839
Calculate the remainder when 12012 is divided by 5997.
18
What is the remainder when 2601 is divided by 95?
36
What is the remainder when 26246 is divided by 142?
118
Calculate the remainder when 11189 is divided by 10897.
292
What is the remainder when 24803 is divided by 41?
39
Calculate the remainder when 2105 is divided by 698.
11
What is the remainder when 64315 is divided by 407?
9
What is the remainder when 18652 is divided by 2329?
20
What is the remainder when 3970031 is divided by 12?
11
What is the remainder when 43335 is divided by 186?
183
What is the remainder when 3909 is divided by 776?
29
What is the remainder when 156602 is divided by 658?
656
What is the remainder when 14523 is divided by 304?
235
What is the remainder when 68607 is divided by 17?
12
Calculate the remainder when 7667 is divided by 3817.
33
Calculate the remainder when 267886 is divided by 623.
619
What is the remainder when 263781 is divided by 21976?
69
What is the remainder when 2243286 is divided by 173?
168
Calculate the remainder when 2343 is divided by 360.
183
Calculate the remainder when 32136 is divided by 129.
15
What is the remainder when 471867 is divided by 535?
532
Calculate the remainder when 4929 is divided by 174.
57
Calculate the remainder when 888 is divided by 268.
84
Calculate the remainder when 41236 is divided by 22.
8
What is the remainder when 21446 is divided by 422?
346
What is the remainder when 162047 is divided by 4264?
15
Calculate the remainder when 7901 is divided by 149.
4
What is the remainder when 123154 is divided by 14?
10
Calculate the remainder when 5924 is divided by 313.
290
What is the remainder when 20482 is divided by 4096?
2
Calculate the remainder when 6716 is divided by 15.
11
What is the remainder when 660 is divided by 113?
95
Calculate the remainder when 2824 is divided by 11.
8
What is the remainder when 23826 is divided by 7843?
297
Calculate the remainder when 346988 is divided by 2393.
3
Calculate the remainder when 84043 is divided by 808.
11
What is the remainder when 18066 is divided by 380?
206
What is the remainder when 2229 is divided by 431?
74
Calculate the remainder when 60981 is divided by 968.
965
Calculate the remainder when 9237 is divided by 20.
17
What is the remainder when 3032 is divided by 124?
56
Calculate the remainder when 2858 is divided by 443.
200
Calculate the remainder when 154431 is divided by 132.
123
What is the remainder when 65033 is divided by 867?
8
What is the remainder when 4135 is divided by 36?
31
Calculate the remainder when 192455 is divided by 40.
15
What is the remainder when 2575 is divided by 3?
1
What is the remainder when 11519 is divided by 5310?
899
Calculate the remainder when 24224 is divided by 84.
32
What is the remainder when 3306 is divided by 756?
282
Calculate the remainder when 3805 is divided by 632.
13
Calculate the remainder when 188 is divided by 99.
89
Calculate the remainder when 2499 is divided by 45.
24
Calculate the remainder when 41337 is divided by 10330.
17
Calculate the remainder when 175590 is divided by 8.
6
Calculate the remainder when 14495 is divided by 1227.
998
What is the remainder when 53211 is divided by 1209?
15
Calculate the remainder when 41029 is divided by 110.
109
What is the remainder when 1481 is divided by 71?
61
Calculate the remainder when 1870 is divided by 1499.
371
Calculate the remainder when 470841 is divided by 116.
113
Calculate the remainder when 530426 is divided by 32.
26
What is the remainder when 348033 i